igit of 368974844?
3
What is the thousands digit of 204480208?
0
What is the thousands digit of 18402363?
2
What is the ten thousands digit of 452132588?
3
What is the tens digit of 494671997?
9
What is the tens digit of 767185764?
6
What is the millions digit of 113073893?
3
What is the hundred thousands digit of 1764749933?
7
What is the hundreds digit of 15416113?
1
What is the millions digit of 572578789?
2
What is the hundred thousands digit of 7957985292?
9
What is the ten thousands digit of 61897679?
9
What is the hundred thousands digit of 105709463?
7
What is the thousands digit of 29544162?
4
What is the units digit of 19380160?
0
What is the hundred thousands digit of 1576957465?
9
What is the hundreds digit of 445528740?
7
What is the millions digit of 21326206?
1
What is the thousands digit of 33821802?
1
What is the hundred millions digit of 455916737?
4
What is the units digit of 367457145?
5
What is the millions digit of 9046948?
9
What is the hundreds digit of 548602840?
8
What is the tens digit of 3150281605?
0
What is the thousands digit of 144611234?
1
What is the thousands digit of 9460959?
0
What is the billions digit of 1000404704?
1
What is the hundred thousands digit of 1106440742?
4
What is the hundreds digit of 70541808?
8
What is the hundred millions digit of 330972783?
3
What is the millions digit of 716970956?
6
What is the millions digit of 276697604?
6
What is the ten thousands digit of 201637785?
3
What is the millions digit of 1520115428?
0
What is the ten millions digit of 2644071632?
4
What is the millions digit of 19983203?
9
What is the hundreds digit of 33279450?
4
What is the ten millions digit of 18197086?
1
What is the ten thousands digit of 86782829?
8
What is the hundreds digit of 239083330?
3
What is the ten thousands digit of 127131253?
3
What is the hundred thousands digit of 5452366783?
3
What is the millions digit of 7719903792?
9
What is the ten millions digit of 68217715?
6
What is the hundreds digit of 252687283?
2
What is the hundred thousands digit of 22815693?
8
What is the ten thousands digit of 159917218?
1
What is the ten thousands digit of 180302776?
0
What is the thousands digit of 214220022?
0
What is the hundreds digit of 881604266?
2
What is the hundred millions digit of 127764076?
1
What is the ten millions digit of 3609233489?
0
What is the hundred millions digit of 4995470877?
9
What is the ten thousands digit of 22849753?
4
What is the hundred thousands digit of 296675315?
6
What is the hundred millions digit of 189725125?
1
What is the units digit of 255265271?
1
What is the hundred millions digit of 265816867?
2
What is the tens digit of 299431333?
3
What is the ten millions digit of 251747425?
5
What is the millions digit of 2374746724?
4
What is the thousands digit of 4942133171?
3
What is the ten millions digit of 1287458302?
8
What is the ten thousands digit of 83319633?
1
What is the thousands digit of 76740951?
0
What is the ten thousands digit of 196285319?
8
What is the hundred thousands digit of 84697654?
6
What is the hundred millions digit of 2401345393?
4
What is the hundreds digit of 3570840820?
8
What is the millions digit of 262257173?
2
What is the ten millions digit of 994120570?
9
What is the tens digit of 132522360?
6
What is the units digit of 271869364?
4
What is the hundred thousands digit of 4686775284?
7
What is the hundred thousands digit of 42167243?
1
What is the hundred millions digit of 1795858475?
7
What is the tens digit of 344621209?
0
What is the millions digit of 29720111?
9
What is the thousands digit of 3450921141?
1
What is the units digit of 124949921?
1
What is the ten millions digit of 350295654?
5
What is the hundreds digit of 514641926?
9
What is the units digit of 207183395?
5
What is the units digit of 2622633798?
8
What is the hundred thousands digit of 7968413?
9
What is the hundreds digit of 43306869?
8
What is the units digit of 57895134?
4
What is the ten thousands digit of 2805448296?
4
What is the millions digit of 2493245219?
3
What is the millions digit of 96066724?
6
What is the hundred millions digit of 350227334?
3
What is the millions digit of 53470227?
3
What is the millions digit of 24704826?
4
What is the tens digit of 466519992?
9
What is the hundred thousands digit of 20543577?
5
What is the thousands digit of 664879297?
9
What is the hundred millions digit of 171235916?
1
What is the ten thousands digit of 2128916333?
1
What is the thousands digit of 1419225881?
5
What is the millions digit of 3568924846?
8
What is the ten millions digit of 52319202?
5
What is the hundred millions digit of 2183642582?
1
What is the hundred millions digit of 102680548?
1
What is the ten millions digit of 119601673?
1
What is the millions digit of 177847931?
7
What is the millions digit of 1235125175?
5
What is the thousands digit of 2095380722?
0
What is the ten millions digit of 353204353?
5
What is the units digit of 13706590?
0
What is the ten millions digit of 6348898569?
4
What is the millions digit of 11929011?
1
What is the ten thousands digit of 91240212?
4
What is the tens digit of 1444086298?
9
What is the millions digit of 1510138?
1
What is the thousands digit of 68602294?
2
What is the tens digit of 174061494?
9
What is the hundreds digit of 844967012?
0
What is the thousands digit of 992293457?
3
What is the ten thousands digit of 685159465?
5
What is the hundreds digit of 47517625?
6
What is the hundreds digit of 927662966?
9
What is the millions digit of 940193626?
0
What is the tens digit of 227168041?
4
What is the thousands digit of 276387291?
7
What is the ten millions digit of 2168075304?
6
What is the tens digit of 100777599?
9
What is the ten millions digit of 43468481?
4
What is the ten thousands digit of 777938532?
3
What is the ten millions digit of 85511513?
8
What is the tens digit of 319112811?
1
What is the millions digit of 572771544?
2
What is the thousands digit of 775385705?
5
What is the tens digit of 17380444?
4
What is the hundred thousands digit of 2034245691?
2
What is the ten thousands digit of 2824771164?
7
What is the thousands digit of 63648661?
8
What is the ten thousands digit of 2724525333?
2
What is the hundred thousands digit of 124303793?
3
What is the hundred thousands digit of 144785139?
7
What is the hundreds digit of 13388325?
3
What is the ten millions digit of 3929876162?
2
What is the tens digit of 591218108?
0
What is the ten thousands digit of 141614349?
1
What is the thousands digit of 736978434?
8
What is the ten thousands digit of 4175982410?
8
What is the millions digit of 49999325?
9
What is the billions digit of 1069543617?
1
What is the thousands digit of 148491305?
1
What is the hundred thousands digit of 524531124?
5
What is the millions digit of 601360238?
1
What is the ten thousands digit of 40118345?
1
What is the thousands digit of 36441020?
1
What is the hundred millions digit of 749491196?
7
What is the billions digit of 1051021583?
1
What is the units digit of 356174495?
5
What is the ten millions digit of 103804167?
0
What is the units digit of 136845681?
1
What is the ten thousands digit of 242135191?
3
What is the hundreds digit of 79513141?
1
What is the hundreds digit of 1593713521?
5
What is the hundred thousands digit of 4753142559?
1
What is the millions digit of 1621452324?
1
What is the hundreds digit of 180574980?
9
What is the ten millions digit of 147876555?
4
What is the millions digit of 49849084?
9
What is the tens digit of 21648146?
4
What is the hundred thousands digit of 122370794?
3
What is the hundreds digit of 218672022?
0
What is the millions digit of 3457750082?
7
What is the hundred thousands digit of 566542944?
5
What is the tens digit of 762400836?
3
What is the ten millions digit of 1975951133?
7
What is the millions digit of 639036862?
9
What is the hundreds digit of 91547703?
7
What is the tens digit of 855165882?
8
What is the millions digit of 2031096678?
1
What is the thousands digit of 322358316?
8
What is the ten millions digit of 44494670?
4
What is the ten thousands digit of 204174488?
7
What is the tens digit of 414183830?
3
What is the hundred thousands digit of 1015923115?
9
What is the ten thousands digit of 19267